{"id":346,"date":"2018-06-28T11:57:04","date_gmt":"2018-06-28T11:57:04","guid":{"rendered":"https:\/\/themes.getmotopress.com\/mountainview\/?page_id=9"},"modified":"2025-10-07T15:37:01","modified_gmt":"2025-10-07T15:37:01","slug":"kayak","status":"publish","type":"page","link":"https:\/\/chaletssurlefleuve.com\/francais\/home\/activities\/kayak\/","title":{"rendered":"Kayak"},"content":{"rendered":"<p>Votre s\u00e9jour au chalet comprend un <strong>acc\u00e8s gratuit \u00e0 nos kayaks<\/strong> <strong>et planches \u00e0 pagaie<\/strong>, vous offrant la parfaite occasion d\u2019explorer la <strong>lac Saint-Louis<\/strong> en famille. Glissez sur les eaux calmes, entour\u00e9s d\u2019arbres, d\u2019oiseaux et des sons apaisants de la nature.<\/p>\n\n\n\n<!--more Take a Tour-->\n\n\n\n<p>Que vous pagayiez au lever du jour parmi les douces ondulations ou que vous admiriez le reflet du coucher de soleil sur l\u2019eau, le kayak ici est une fa\u00e7on paisible de vous reconnecter \u00e0 la nature. C\u2019est une activit\u00e9 que <strong data-start=\"556\" data-end=\"575\">petits et grands<\/strong> peuvent partager \u2014 simple, relaxante et pleine de d\u00e9couvertes.<\/p>\n\n\n\n<figure class=\"wp-block-gallery has-nested-images columns-6 is-cropped wp-block-gallery-1 is-layout-flex wp-block-gallery-is-layout-flex\">\n<figure class=\"wp-block-image size-large\"><img data-recalc-dims=\"1\" loading=\"lazy\" decoding=\"async\" width=\"800\" height=\"532\" data-attachment-id=\"689\" data-permalink=\"https:\/\/chaletssurlefleuve.com\/francais\/pointe-1871\/\" data-orig-file=\"https:\/\/i0.wp.com\/chaletssurlefleuve.com\/wp-content\/uploads\/2025\/10\/Pointe-1871-scaled.jpg?fit=2560%2C1703&amp;ssl=1\" data-orig-size=\"2560,1703\" data-comments-opened=\"0\" data-image-meta=\"{&quot;aperture&quot;:&quot;2.8&quot;,&quot;credit&quot;:&quot;Jacques Grilli&quot;,&quot;camera&quot;:&quot;NIKON D3S&quot;,&quot;caption&quot;:&quot;&quot;,&quot;created_timestamp&quot;:&quot;1339879140&quot;,&quot;copyright&quot;:&quot;Jacques Grilli&quot;,&quot;focal_length&quot;:&quot;35&quot;,&quot;iso&quot;:&quot;320&quot;,&quot;shutter_speed&quot;:&quot;0.008&quot;,&quot;title&quot;:&quot;&quot;,&quot;orientation&quot;:&quot;0&quot;}\" data-image-title=\"Pointe-1871\" data-image-description=\"\" data-image-caption=\"\" data-medium-file=\"https:\/\/i0.wp.com\/chaletssurlefleuve.com\/wp-content\/uploads\/2025\/10\/Pointe-1871-scaled.jpg?fit=300%2C200&amp;ssl=1\" data-large-file=\"https:\/\/i0.wp.com\/chaletssurlefleuve.com\/wp-content\/uploads\/2025\/10\/Pointe-1871-scaled.jpg?fit=800%2C532&amp;ssl=1\" data-id=\"689\" src=\"https:\/\/i0.wp.com\/chaletssurlefleuve.com\/wp-content\/uploads\/2025\/10\/Pointe-1871.jpg?resize=800%2C532&#038;ssl=1\" alt=\"\" class=\"wp-image-689\" srcset=\"https:\/\/i0.wp.com\/chaletssurlefleuve.com\/wp-content\/uploads\/2025\/10\/Pointe-1871-scaled.jpg?resize=1024%2C681&amp;ssl=1 1024w, https:\/\/i0.wp.com\/chaletssurlefleuve.com\/wp-content\/uploads\/2025\/10\/Pointe-1871-scaled.jpg?resize=300%2C200&amp;ssl=1 300w, https:\/\/i0.wp.com\/chaletssurlefleuve.com\/wp-content\/uploads\/2025\/10\/Pointe-1871-scaled.jpg?resize=768%2C511&amp;ssl=1 768w, https:\/\/i0.wp.com\/chaletssurlefleuve.com\/wp-content\/uploads\/2025\/10\/Pointe-1871-scaled.jpg?resize=1536%2C1022&amp;ssl=1 1536w, https:\/\/i0.wp.com\/chaletssurlefleuve.com\/wp-content\/uploads\/2025\/10\/Pointe-1871-scaled.jpg?resize=2048%2C1363&amp;ssl=1 2048w, https:\/\/i0.wp.com\/chaletssurlefleuve.com\/wp-content\/uploads\/2025\/10\/Pointe-1871-scaled.jpg?resize=18%2C12&amp;ssl=1 18w, https:\/\/i0.wp.com\/chaletssurlefleuve.com\/wp-content\/uploads\/2025\/10\/Pointe-1871-scaled.jpg?resize=800%2C532&amp;ssl=1 800w, https:\/\/i0.wp.com\/chaletssurlefleuve.com\/wp-content\/uploads\/2025\/10\/Pointe-1871-scaled.jpg?resize=1516%2C1009&amp;ssl=1 1516w, https:\/\/i0.wp.com\/chaletssurlefleuve.com\/wp-content\/uploads\/2025\/10\/Pointe-1871-scaled.jpg?resize=150%2C100&amp;ssl=1 150w, https:\/\/i0.wp.com\/chaletssurlefleuve.com\/wp-content\/uploads\/2025\/10\/Pointe-1871-scaled.jpg?w=1600&amp;ssl=1 1600w, https:\/\/i0.wp.com\/chaletssurlefleuve.com\/wp-content\/uploads\/2025\/10\/Pointe-1871-scaled.jpg?w=2400&amp;ssl=1 2400w\" sizes=\"auto, (max-width: 800px) 100vw, 800px\" \/><\/figure>\n\n\n\n<figure class=\"wp-block-image size-full\"><img data-recalc-dims=\"1\" loading=\"lazy\" decoding=\"async\" width=\"800\" height=\"600\" data-attachment-id=\"685\" data-permalink=\"https:\/\/chaletssurlefleuve.com\/francais\/photo-aerienne-pointe-et-ile-28\/\" data-orig-file=\"https:\/\/i0.wp.com\/chaletssurlefleuve.com\/wp-content\/uploads\/2025\/10\/photo-aerienne-pointe-et-ile-28.jpg?fit=1024%2C768&amp;ssl=1\" data-orig-size=\"1024,768\" data-comments-opened=\"0\" data-image-meta=\"{&quot;aperture&quot;:&quot;4&quot;,&quot;credit&quot;:&quot;Jacques Grilli&quot;,&quot;camera&quot;:&quot;Canon PowerShot S5 IS&quot;,&quot;caption&quot;:&quot;&quot;,&quot;created_timestamp&quot;:&quot;1260291537&quot;,&quot;copyright&quot;:&quot;Jacques Grilli&quot;,&quot;focal_length&quot;:&quot;8.1&quot;,&quot;iso&quot;:&quot;80&quot;,&quot;shutter_speed&quot;:&quot;0.00125&quot;,&quot;title&quot;:&quot;&quot;,&quot;orientation&quot;:&quot;0&quot;}\" data-image-title=\"photo a\u00e9rienne pointe et \u00eele (28)\" data-image-description=\"\" data-image-caption=\"\" data-medium-file=\"https:\/\/i0.wp.com\/chaletssurlefleuve.com\/wp-content\/uploads\/2025\/10\/photo-aerienne-pointe-et-ile-28.jpg?fit=300%2C225&amp;ssl=1\" data-large-file=\"https:\/\/i0.wp.com\/chaletssurlefleuve.com\/wp-content\/uploads\/2025\/10\/photo-aerienne-pointe-et-ile-28.jpg?fit=800%2C600&amp;ssl=1\" data-id=\"685\" src=\"https:\/\/i0.wp.com\/chaletssurlefleuve.com\/wp-content\/uploads\/2025\/10\/photo-aerienne-pointe-et-ile-28.jpg?resize=800%2C600&#038;ssl=1\" alt=\"\" class=\"wp-image-685\" srcset=\"https:\/\/i0.wp.com\/chaletssurlefleuve.com\/wp-content\/uploads\/2025\/10\/photo-aerienne-pointe-et-ile-28.jpg?w=1024&amp;ssl=1 1024w, https:\/\/i0.wp.com\/chaletssurlefleuve.com\/wp-content\/uploads\/2025\/10\/photo-aerienne-pointe-et-ile-28.jpg?resize=300%2C225&amp;ssl=1 300w, https:\/\/i0.wp.com\/chaletssurlefleuve.com\/wp-content\/uploads\/2025\/10\/photo-aerienne-pointe-et-ile-28.jpg?resize=768%2C576&amp;ssl=1 768w, https:\/\/i0.wp.com\/chaletssurlefleuve.com\/wp-content\/uploads\/2025\/10\/photo-aerienne-pointe-et-ile-28.jpg?resize=16%2C12&amp;ssl=1 16w, https:\/\/i0.wp.com\/chaletssurlefleuve.com\/wp-content\/uploads\/2025\/10\/photo-aerienne-pointe-et-ile-28.jpg?resize=800%2C600&amp;ssl=1 800w\" sizes=\"auto, (max-width: 800px) 100vw, 800px\" \/><\/figure>\n\n\n\n<figure class=\"wp-block-image size-large\"><img data-recalc-dims=\"1\" loading=\"lazy\" decoding=\"async\" width=\"800\" height=\"534\" data-attachment-id=\"687\" data-permalink=\"https:\/\/chaletssurlefleuve.com\/francais\/pointe-0010\/\" data-orig-file=\"https:\/\/i0.wp.com\/chaletssurlefleuve.com\/wp-content\/uploads\/2025\/10\/Pointe-0010-scaled.jpg?fit=2560%2C1707&amp;ssl=1\" data-orig-size=\"2560,1707\" data-comments-opened=\"0\" data-image-meta=\"{&quot;aperture&quot;:&quot;7.1&quot;,&quot;credit&quot;:&quot;Jacques Grilli&quot;,&quot;camera&quot;:&quot;NIKON Z 8&quot;,&quot;caption&quot;:&quot;&quot;,&quot;created_timestamp&quot;:&quot;1685198414&quot;,&quot;copyright&quot;:&quot;Jacques Grilli2023&quot;,&quot;focal_length&quot;:&quot;50&quot;,&quot;iso&quot;:&quot;64&quot;,&quot;shutter_speed&quot;:&quot;0.003125&quot;,&quot;title&quot;:&quot;&quot;,&quot;orientation&quot;:&quot;0&quot;}\" data-image-title=\"Pointe-0010\" data-image-description=\"\" data-image-caption=\"\" data-medium-file=\"https:\/\/i0.wp.com\/chaletssurlefleuve.com\/wp-content\/uploads\/2025\/10\/Pointe-0010-scaled.jpg?fit=300%2C200&amp;ssl=1\" data-large-file=\"https:\/\/i0.wp.com\/chaletssurlefleuve.com\/wp-content\/uploads\/2025\/10\/Pointe-0010-scaled.jpg?fit=800%2C534&amp;ssl=1\" data-id=\"687\" src=\"https:\/\/i0.wp.com\/chaletssurlefleuve.com\/wp-content\/uploads\/2025\/10\/Pointe-0010.jpg?resize=800%2C534&#038;ssl=1\" alt=\"\" class=\"wp-image-687\" srcset=\"https:\/\/i0.wp.com\/chaletssurlefleuve.com\/wp-content\/uploads\/2025\/10\/Pointe-0010-scaled.jpg?resize=1024%2C683&amp;ssl=1 1024w, https:\/\/i0.wp.com\/chaletssurlefleuve.com\/wp-content\/uploads\/2025\/10\/Pointe-0010-scaled.jpg?resize=300%2C200&amp;ssl=1 300w, https:\/\/i0.wp.com\/chaletssurlefleuve.com\/wp-content\/uploads\/2025\/10\/Pointe-0010-scaled.jpg?resize=768%2C512&amp;ssl=1 768w, https:\/\/i0.wp.com\/chaletssurlefleuve.com\/wp-content\/uploads\/2025\/10\/Pointe-0010-scaled.jpg?resize=1536%2C1024&amp;ssl=1 1536w, https:\/\/i0.wp.com\/chaletssurlefleuve.com\/wp-content\/uploads\/2025\/10\/Pointe-0010-scaled.jpg?resize=2048%2C1365&amp;ssl=1 2048w, https:\/\/i0.wp.com\/chaletssurlefleuve.com\/wp-content\/uploads\/2025\/10\/Pointe-0010-scaled.jpg?resize=18%2C12&amp;ssl=1 18w, https:\/\/i0.wp.com\/chaletssurlefleuve.com\/wp-content\/uploads\/2025\/10\/Pointe-0010-scaled.jpg?resize=800%2C533&amp;ssl=1 800w, https:\/\/i0.wp.com\/chaletssurlefleuve.com\/wp-content\/uploads\/2025\/10\/Pointe-0010-scaled.jpg?resize=1516%2C1011&amp;ssl=1 1516w, https:\/\/i0.wp.com\/chaletssurlefleuve.com\/wp-content\/uploads\/2025\/10\/Pointe-0010-scaled.jpg?resize=924%2C616&amp;ssl=1 924w, https:\/\/i0.wp.com\/chaletssurlefleuve.com\/wp-content\/uploads\/2025\/10\/Pointe-0010-scaled.jpg?resize=150%2C100&amp;ssl=1 150w, https:\/\/i0.wp.com\/chaletssurlefleuve.com\/wp-content\/uploads\/2025\/10\/Pointe-0010-scaled.jpg?w=1600&amp;ssl=1 1600w, https:\/\/i0.wp.com\/chaletssurlefleuve.com\/wp-content\/uploads\/2025\/10\/Pointe-0010-scaled.jpg?w=2400&amp;ssl=1 2400w\" sizes=\"auto, (max-width: 800px) 100vw, 800px\" \/><\/figure>\n<\/figure>\n\n\n\n<p>Gardez les yeux ouverts pour observer la faune locale, respirez l\u2019air frais et laissez le rythme de la rivi\u00e8re rendre votre escapade v\u00e9ritablement inoubliable.<\/p>\n\n\n\n<p>&nbsp;<\/p>","protected":false},"excerpt":{"rendered":"<p>Your stay at the cottage includes free access to our kayaks and paddleboards, giving you the perfect chance to explore the Saint-Louis River together as a family. Glide along the calm waters surrounded by trees, birds, and the peaceful sounds of nature.<\/p>","protected":false},"author":1,"featured_media":667,"parent":348,"menu_order":1,"comment_status":"closed","ping_status":"closed","template":"template-page-no-sidebar.php","meta":{"inline_featured_image":false,"footnotes":""},"class_list":["post-346","page","type-page","status-publish","has-post-thumbnail","hentry"],"aioseo_notices":[],"jetpack_sharing_enabled":true,"_links":{"self":[{"href":"https:\/\/chaletssurlefleuve.com\/francais\/wp-json\/wp\/v2\/pages\/346","targetHints":{"allow":["GET"]}}],"collection":[{"href":"https:\/\/chaletssurlefleuve.com\/francais\/wp-json\/wp\/v2\/pages"}],"about":[{"href":"https:\/\/chaletssurlefleuve.com\/francais\/wp-json\/wp\/v2\/types\/page"}],"author":[{"embeddable":true,"href":"https:\/\/chaletssurlefleuve.com\/francais\/wp-json\/wp\/v2\/users\/1"}],"replies":[{"embeddable":true,"href":"https:\/\/chaletssurlefleuve.com\/francais\/wp-json\/wp\/v2\/comments?post=346"}],"version-history":[{"count":6,"href":"https:\/\/chaletssurlefleuve.com\/francais\/wp-json\/wp\/v2\/pages\/346\/revisions"}],"predecessor-version":[{"id":691,"href":"https:\/\/chaletssurlefleuve.com\/francais\/wp-json\/wp\/v2\/pages\/346\/revisions\/691"}],"up":[{"embeddable":true,"href":"https:\/\/chaletssurlefleuve.com\/francais\/wp-json\/wp\/v2\/pages\/348"}],"wp:featuredmedia":[{"embeddable":true,"href":"https:\/\/chaletssurlefleuve.com\/francais\/wp-json\/wp\/v2\/media\/667"}],"wp:attachment":[{"href":"https:\/\/chaletssurlefleuve.com\/francais\/wp-json\/wp\/v2\/media?parent=346"}],"curies":[{"name":"wp","href":"https:\/\/api.w.org\/{rel}","templated":true}]}}